is -61c71 (base 16) in base 4?
-1201301301
-501277 (base 10) to base 16
-7a61d
a5a468 (base 12) to base 16
27d310
Convert 16252 (base 15) to base 12.
353a2
What is 53a10 (base 12) in base 2?
11010111011101100
Convert -5d1142 (base 15) to base 14.
-840c3c
110524352 (base 6) to base 10
2002028
What is 3b239a (base 13) in base 2?
101011101110111110110
Convert -454198 (base 10) to base 9.
-762034
What is -11001101110100000000101 (base 2) in base 7?
-111216003
Convert -87723b (base 12) to base 11.
-1238005
-103165516 (base 7) to base 5
-3033312214
What is d4630b (base 15) in base 3?
200222220011102
Convert 2452255 (base 7) to base 12.
1325b7
-3343663 (base 7) to base 16
-65284
Convert -3b527 (base 16) to base 10.
-242983
What is 102122122221 (base 3) in base 12?
b08ba
Convert 62d320 (base 14) to base 6.
155331132
Convert -33101a8 (base 12) to base 2.
-100101000110011000010000
Convert 9e3e27 (base 15) to base 6.
425543301
1330032131 (base 5) to base 7
40400261
Convert -258fe (base 16) to base 15.
-308be
3244411 (base 5) to base 3
2212010122
632617 (base 8) to base 6
4301411
312231102 (base 4) to base 13
7acc1
What is d3ca (base 14) in base 5?
2131223
What is -42385 (base 10) in base 15?
-c85a
What is 12616438 (base 9) in base 15?
82a65e
What is 200120002110 (base 3) in base 14?
971a7
-10713413 (base 8) to base 16
-23970b
Convert -1211001204 (base 5) to base 14.
-538a1a
-20a9a32 (base 12) to base 13
-138c4ac
Convert -6262a (base 13) to base 4.
-223022222
Convert 532135 (base 7) to base 9.
150171
Convert 20e6d8 (base 16) to base 4.
20032123120
3220461 (base 11) to base 16
56773a
-14102120 (base 6) to base 10
-474816
Convert -1563551 (base 7) to base 10.
-217400
111212002120 (base 3) to base 6
5502323
10111101110100010 (base 2) to base 7
553225
What is -1312233 (base 8) in base 9?
-616608
What is 2120101013 (base 4) in base 15?
c4be2
Convert -2121211020 (base 3) to base 13.
-1a667
Convert -10231113211 (base 4) to base 14.
-241bdb
-5bcd (base 14) to base 3
-211000201
What is -1412330000 (base 5) in base 12?
-127438a
What is -52215 (base 14) in base 15?
-3d9d9
-125002241 (base 6) to base 11
-143a252
113002111 (base 4) to base 13
33c43
Convert 19ca58 (base 15) to base 11.
78a035
-10000101011000100100 (base 2) to base 13
-1618a2
What is -1316632 (base 8) in base 3?
-200200211121
Convert -176061 (base 14) to base 3.
-1112211100001
Convert 23122132 (base 7) to base 6.
111202544
What is 10a02 (base 14) in base 6?
510534
Convert 14553 (base 12) to base 2.
110111100001111
Convert 721012 (base 11) to base 10.
1157983
What is 10001110100001101000 (base 2) in base 13?
175946
2230370 (base 9) to base 8
4451511
What is 237009 (base 10) in base 16?
39dd1
What is 2054110 (base 6) in base 3?
12010010120
What is 22024113 (base 5) in base 9?
317574
6476133 (base 9) to base 10
3475254
Convert 7306 (base 16) to base 9.
44347
What is 4043301200 (base 5) in base 4?
133031122301
Convert 14053602 (base 8) to base 6.
151523134
Convert 446461 (base 7) to base 10.
79129
What is -10020021012 (base 3) in base 15?
-13cb2
What is 2856073 (base 10) in base 6?
141114321
31b080 (base 16) to base 14
60aa76
-110985 (base 10) to base 9
-178216
74070 (base 8) to base 15
91bb
1111100010201 (base 3) to base 7
6514546
1312282 (base 10) to base 8
5003032
-153551560 (base 7) to base 8
-47323745
1111101000000011 (base 2) to base 10
64003
-200010200 (base 5) to base 11
-494521
What is -10236426 (base 8) in base 10?
-2178326
-5a46b (base 15) to base 16
-46484
Convert 5223035 (base 7) to base 13.
18c93b
What is 10101001111011010 (base 2) in base 8?
251732
301503155 (base 6) to base 4
103203033233
What is -100000000000101 (base 2) in base 4?
-10000011
Convert -1411131 (base 6) to base 13.
-2a151
-36e11 (base 15) to base 12
-85537
What is -5ce4c1 (base 16) in base 3?
-102110021222210
What is -14014103 (base 6) in base 12?
-1a7333
3346aa (base 16) to base 9
6281566
Convert -2233331332 (base 4) to base 7.
-6061234
11320758 (base 9) to base 11
3120238
What is -1678c20 (base 13) in base 3?
-111200120020000
-131300232 (base 4) to base 16
-1dc2e
Convert c67501 (base 14) to base 10.
6704573
Convert -10000111010011111 (base 2) to base 6.
-1252423
Convert 4562401 (base 9) to base 12.
9a8a3a
Convert -104233302 (base 6) to base 2.
-111001100100011100110
Convert 254767 (base 14) to base 8.
4704247
What is -452c6 (base 13) in base 9?
-211418
What is -20012201221 (base 3) in base 7?
-1016335
What is 2032a5 (base 15) in base 4?
11311122020
Convert -46d33b (base 14) to base 4.
-21032112321
What is 121101110011201 (base 3) in base 13?
1a5bc19
20022021 (base 3) to base 14
1965
Convert -26ca2 (base 16) to base 9.
-261845
What is -142510464 (base 7) in base 4?
-203302101111
-102022010200 (base 3) to base 10
-222444
Convert -904a (base 11) to base 12.
-6b69
What is 169398 (base 10) in base 4?
221112312
What is 1011200110 (base 3) in base 6?
254533
449733 (base 10) to base 8
1556305
-1222101021110 (base 3) to base 2
-100000000100001000010
What is -22121210222 (base 3) in base 6?
-3345425
-27461 (base 11) to base 12
-1a7a6
-198684 (base 14) to base 6
-31234112
What is -47231 (base 12) in base 2?
-10111010010000101
Convert 40016535 (base 7) to base 12.
1131106
What is -3730320 (base 8) in base 9?
-1836510
Convert -105914 (base 15) to base 5.
-144401134
-a55c (base 15) to base 13
-12bb5
What is 11011011001010100111110 (base 2) in base 7?
115020461
1463408 (base 9) to base 13
22460c
What is 26621561 (base 7) in base 16?
258677
What is 6214316 (base 7) in base 15?
ea42b
-13432153 (base 6) to base 14
-bbd65
What is -1561776 (base 8) in base 14?
-ba7dc
Convert -12555230 (base 9) to base 12.
-209b0b3
Convert 44ba8 (base 14) to base 10.
166944
What is -101111101110110101101010 (base 2) in base 12?
-4235122
What is 1121211122212 (base 3) in base 8?
3225251
Convert -10011001001001011000 (base 2) to base 11.
-399322
-440440300 (base 5) to base 13
-5123b5
Convert 321030113 (base 4) to base 9.
386312
140324052 (base 6) to base 8
12617700
Convert 1100101012000 (base 3) to base 9.
1311160
Convert -1b7bd2 (base 15) to base 14.
-26d3a3
Convert -13545224 (base 6) to base 15.
-92c41
Convert -2a83a (base 12) to base 14.
-17bc2
What is 83076 (base 12) in base 7?
1312005
17312a (base 11) to base 10
267684
What is -3575765 (base 10) in base 8?
-15507725
-11303203210 (base 4) to base 10
-1521892
21db4 (base 15) to base 2
11010010011000111
3b43c (base 13) to base 4
122333301
-1b523 (base 13) to base 5
-3203402
-63610 (base 7) to base 12
-9134
Convert 1251550 (base 8) to base 13.
c2b38
Convert -3a9559 (base 13) to base 9.
-2604108
Convert -3077688 (base 9) to base 11.
-a24670
What is -176823 (base 9) in base 3?
-12120220210
Convert -353360 (base 9) to base 5.
-23244221
461733 (base 10) to base 8
1605645
What is 1110553 (base 8) in base 13?
a6357
232123130 (base 4) to base 7
1421303
Convert -15f15 (base 16) to base 13.
-31ba8
What is -7a44a5 (base 13) in base 4?
-23002212310
448e1 (base 15) to base 8
651633
-262374 (base 10) to base 2
-1000000000011100110
-2553535 (base 6) to base 13
-4b677
What is -27057 (base 8) in base 6?
-130423
3413737 (base 8) to base 16
e17df
Convert -49a6022 (base 11) to base 9.
-17314542
What is -ace21 (base 16) in base 6?
-23102213
22131568 (base 9) to base 16
a3670c
Convert 2397e (base 16) to base 14.
3b1b8
-6173753 (base 9) to base 13
-8b5561
c15b4 (base 16) to base 7
6506001
Convert 2052716 (base 9) to base 14.
208091
-81844 (base 10) to base 11
-56544
ab538 (base 12) to base 13
7c4c9
What is 2b011 (base 14) in base 9?
172733
Convert -223440 (base 6) to base 7.
-106164
What is -425aa (base 14) in base 12?
-7890a
What is -215125 (base 7) in base 15?
-b2ed
-16a735 (base 11) to base 2
-1000000001110110100
Convert -2144113 (base 5) to base 9.
-56274
Convert -2920192 (base 12) to base 10.
-8253182
What is -8566 (base 16) in base 4?
-20111212
What is 1005770 (base 8) in base 10?
265208
-82d031 (base 14) to base 13
-bb7811
Convert 1115066 (base 8) to base 15.
5e582
What is 17aa80 (base 12) in base 9?
688226
Convert -4001314113 (base 5) to base 6.
-440002030
Convert -256621520 (base 7) to base 15.
-16a1d22
dd391a (base 15) to base 2
101000001101110001011111
Convert -31032302230 (base 4) to base 2.
-1101001110110010101100
Co